 - 14. List the prime factors of a.
2, 7
Suppose -84*k = -80*k - 128. What are the prime factors of k?
2
Let d = -101 - -159. What are the prime factors of d?
2, 29
Suppose -t + 4*a + 8 = -11, 0 = -2*t - 5*a + 38. List the prime factors of t.
19
Let p = 103 + -59. What are the prime factors of p?
2, 11
List the prime factors of -1*(-54 + 0/4).
2, 3
List the prime factors of (-3 + 0 + 4)*22.
2, 11
Let a be (-432)/(-3) + (1 - -2). Let x = a - 102. Suppose 0 = 5*g - 0*g - x. List the prime factors of g.
3
Suppose -d = -5*d - 20. Let y(z) = -z**2 + 5 - 5*z + 3*z - 3*z. List the prime factors of y(d).
5
Let t(u) = u**2 - 11*u - 8. Let s(n) = -2*n**2 + 23*n + 15. Let k(g) = 4*s(g) + 9*t(g). Suppose 3*r - 8 = 22. What are the prime factors of k(r)?
2, 3
Let y(x) = -2*x**2 - 3*x + 7. Let c be y(-5). List the prime factors of (c/(-8))/(-7)*-18.
3
Suppose 829 + 155 = 3*h. What are the prime factors of h?
2, 41
Let f = 310 - 129. List the prime factors of f.
181
Suppose -5*n = -9*n + 16. Suppose -3*v + 115 = 4*i - 84, -4*v + 200 = n*i. What are the prime factors of i?
7
Let c(o) = -2*o + 2. Let s be c(1). Let u = s - -5. List the prime factors of u.
5
Let s(a) = 4*a - 2 + 2*a - 8*a**2 + 7*a**2 - 2. Let x be s(4). Suppose -11 = -x*n + 25. List the prime factors of n.
3
What are the prime factors of (-3 + 1/2)*-2?
5
List the prime factors of (-699)/(-3) + (-14)/(-7).
5, 47
Let c(k) = k**3 - 10*k**2 + 8*k + 12. Let o be c(9). Suppose -7*r + 64 = -o*r. List the prime factors of r.
2
Let j(a) = a**3 + 17*a**2 + 8*a + 12. Let n be j(-16). Suppose -5*b + 10 = 5*v - n, -v + b + 28 = 0. What are the prime factors of v?
29
Let v(c) = -15*c - 10. List the prime factors of v(-4).
2, 5
Suppose 0 = 8*q - 7*q + 13. Let s = q - -32. What are the prime factors of s?
19
Let l = 46 - 14. Let o = -19 + l. What are the prime factors of o?
13
Let g(r) = 2*r - 6. List the prime factors of g(6).
2, 3
Suppose 7*w - 236 = 765. List the prime factors of w.
11, 13
Let v(s) = s**2. Let g be v(-2). Suppose -2*q + 4*q = g. List the prime factors of 6/q*(-14)/(-6).
7
Let x(q) = 2*q - 2. Let c(y) = 3*y - 2. Suppose 0 = 3*f - 2 - 7. Let n be c(f). What are the prime factors of x(n)?
2, 3
Let j(c) = -c**3 - 13*c**2 + c + 13. Let f be j(-13). What are the prime factors of 19 + (f + 0 - 1)?
2, 3
Let r(h) = -h**3 + 8*h**2 + 11*h - 7. Let c(d) = 9*d**2 - d + 1. Suppose -4*m + 0*m = -4. Let p be c(m). What are the prime factors of r(p)?
11
Suppose -2*g - 3*r + 807 = 0, 9*g - 2049 = 4*g + 3*r. List the prime factors of g.
2, 3, 17
Suppose m = 2*m - 4*j - 96, j + 3 = 0. What are the prime factors of m?
2, 3, 7
Let h(q) = 2*q**2 - 3*q + 2. Let d be h(2). List the prime factors of (d/(-3))/((-5)/105).
2, 7
Suppose 2 = -i - 2*n, 0*n - n = -2*i + 6. Suppose 6 - 108 = -i*u. List the prime factors of u.
3, 17
Let m(n) = -n**2 + 3*n - 2. Let v be m(2). Let j(o) = 7 + 2*o**2 + 30*o - 3*o**2 - 31*o. List the prime factors of j(v).
7
Let c = -35 - -139. List the prime factors of c.
2, 13
Suppose -36*b = -40*b + 1488. What are the prime factors of b?
2, 3, 31
Let n(c) = 14*c + 1. Let b be n(2). Suppose -2*u = -b + 7. List the prime factors of u.
11
Let c(d) = -d**2 - 4*d + 2. Let g be c(-6). What are the prime factors of (-6)/(-30) - 148/g?
3, 5
Let d be 0*(-1 + 3 - 1). Suppose d*h + 3*s - 10 = h, s + 15 = 4*h. What are the prime factors of h?
5
Let i be -8 + 2 - (0 + -3). Let h(l) = -4*l - 3. List the prime factors of h(i).
3
Let l(p) = p - 3. Let v be 4 - ((-3)/1 - -2). Let j be l(v). Suppose j*z - z = 9. List the prime factors of z.
3
Suppose 4*z - 5*t = -6 + 139, -5*t = 4*z - 83. Let n = -16 + z. List the prime factors of n.
11
Let w(c) = -c + 5. Let d(m) = -11*m - 4. Let y(q) = -10*q - 3. Let f(j) = -3*d(j) + 4*y(j). Let x be f(1). What are the prime factors of w(x)?
2, 3
Let y be ((-1)/(-3))/((-9)/(-27)). Suppose 20 = -5*f, 3*z - f - 32 = -2*f. Let w = z - y. List the prime factors of w.
11
Let f = 7 - 4. Let v = 5 - f. Suppose -v*a + 0 + 10 = 0. List the prime factors of a.
5
Suppose -151 + 11 = -5*x. Suppose 12 = 5*n - x. What are the prime factors of n?
2
Suppose 0 = 3*r + 3*m - 348, 0 = 2*r + 3*r - 5*m - 600. List the prime factors of r.
2, 59
What are the prime factors of (-1 + -49)/(34/12 - 3)?
2, 3, 5
What are the prime factors of (16/6)/((-18)/(-27))?
2
What are the prime factors of (375 - (-1 + -2)) + -3?
3, 5
Let k = -36 + 21. Let t be (-35)/k - (-4)/6. List the prime factors of t/2 - (-2)/4.
2
Let d(y) = 3*y + 4. Suppose -3*t - 3 + 10 = 4*x, -t + 5 = 4*x. Let o be (t/3)/((-1)/(-9)). What are the prime factors of d(o)?
13
Suppose 30 = p - 4*p. Let h = p - -18. What are the prime factors of h?
2
Let n(i) = 8*i**2 - i. What are the prime factors of n(6)?
2, 3, 47
Let b(f) = f**2 - f + 5. Let x be b(7). Suppose -2*z = -3*d + d + 32, 2*d = 5*z + x. List the prime factors of d.
11
Let m(a) = -a + 14. Let d be m(-7). Suppose 4*y - d = y. List the prime factors of y.
7
Suppose b - 85 = -4*b. What are the prime factors of b?
17
Let k(r) = -r**2 + 23*r - 32. List the prime factors of k(20).
2, 7
Suppose 5*d + 15 + 5 = -5*r, 2*r + d = -4. Let o = 3 - r. Suppose 33 = 2*n + o*i, -3*n - 2*i + 37 = -0*i. List the prime factors of n.
3
Let l be 10/15 - 34/(-3). Let g be (-2)/(-4)*1*l. Let d = -4 + g. What are the prime factors of d?
2
Let h(j) = j**3 - 9*j**2 - 2*j - 4. List the prime factors of h(10).
2, 19
Let u(c) = -c**3 + 6*c**2 - c + 2. Let l be ((-4)/(-4))/((-3)/(-15)). Let a be u(l). Let y = -16 + a. What are the prime factors of y?
2, 3
Let c be (-99)/(-21) - 4/(-14). Suppose -33 = 2*b + c*v, 19 = -3*b + 2*b - 5*v. Let a = 1 - b. List the prime factors of a.
3, 5
Let n(v) = 4*v + 0 - 4*v - 3 - v. Suppose -2*f - 58 = 5*b, 3*f = 4*b - 5 + 33. What are the prime factors of n(b)?
7
Let q be (2/4)/((-1)/(-86)). Suppose -l + 4*i + 9 = 0, 0*i - q = 5*l + 2*i. Let k = l + 18. List the prime factors of k.
11
Let z(n) = 3*n**2 - 9*n + 15. Let g(b) = -2 + 3*b**2 + 0*b**2 - 13*b + 2*b**2 + 25. Let m(j) = -5*g(j) + 8*z(j). List the prime factors of m(-6).
11
Suppose 5*h - o - 3*o - 2031 = 0, 2*o = -4*h + 1630. List the prime factors of h.
11, 37
Suppose 40 = -4*q + 144. List the prime factors of q.
2, 13
Let d(o) = 3 - 8*o - 3 + 2. List the prime factors of d(-3).
2, 13
Let h = -32 - -48. What are the prime factors of h?
2
Suppose -328 = -4*o - 5*t - 109, 5*o + t - 258 = 0. List the prime factors of o.
3, 17
Suppose 0 = -4*p + 9 + 3. What are the prime factors of (3 - 2)/(p/84)?
2, 7
What are the prime factors of (-10 + 7)*(-14 + 0)?
2, 3, 7
Suppose 0 = 4*f - q + 4*q - 15, -6 = -3*f + 3*q. Suppose f*r = r + 40. What are the prime factors of r?
2, 5
Let g = -1 - -9. Let x(m) = m - 8. Let c be x(g). List the prime factors of 0 - -10 - (0 + c).
2, 5
Suppose 2*z + 0*z - 343 = r, 174 = z + 2*r. What are the prime factors of z?
2, 43
Let z be (-8)/16 - 7/(-2). Suppose z*c = -c + 80. List the prime factors of c.
2, 5
Suppose 2*u - 3 = 1. List the prime factors of u.
2
Suppose 5*k = 3*f + 9, -5*f - 15 = -2*k - 2*k. Let a = 3 + f. Suppose a = 2*h + 1 - 21. What are the prime factors of h?
2, 5
Let z(q) = 3*q**2 + 3*q - 2. What are the prime factors of z(4)?
2, 29
Let d(t) = -t**2 + 4*t + 2 + 0*t**2 + 3*t**2. What are the prime factors of d(-4)?
2, 3
Suppose -6*q - 16 = 20. What are the prime factors of 8/6*(-225)/q?
2, 5
Let m(i) = 5*i**3 - 2*i + i**2 + 3*i**2 + 0 + 6 - 4*i**3. Let p be m(-5). What are the prime factors of p*(-1)/(2/2)?
3
Let b(t) = -t**2 - 7*t + 9. Let p be b(-8). List the prime factors of 3/(3/8) - p.
7
Let k = 8 + -1. Suppose 5 = -4*q - k. List the prime factors of (q/6)/(1/(-8)).
2
Let m(q) = 31*q - 18. What are the prime factors of m(4)?
2, 53
Let h be (7/(-14))/((-1)/10). Suppose h - 1 = -f, k = 2*f + 11. What are the prime factors of k?
3
What are the prime factors of (7 - 5)*130/4?
5, 13
Suppose 5*x = 4*q + 64, 0*x + 29 = 2*x - 5*q. Suppose -2*j + x = j. Suppose -j*s - 5*f + 38 = 0, -4*f + 41 = 5*s - f. List the prime factors of s.
7
Let p be 14/2 - 8/(-4). Suppose 0 = 4*w - 2*w - 2*t - 6, 3*w = -t + p. What are the prime factors of w?
3
Let o(v) = 59*v + 30. What are the prime factors of o(4)?
2, 7, 19
Suppose 3*c + 2 = 4*c. Suppose -3*r - c*r + 175 = 0. What are the prime factors of r?
